rst derivative of f**6/120 + f**5/12 - f**4/3 - 8*f**3/3 + 2. Let g(h) be the third derivative of j(h). What is the tens digit of g(4)?
8
Let k = 33 + -27. Suppose -d = -k*d. Suppose d*t - 3*t + 307 = -2*s, -3*t + 319 = s. What is the units digit of t?
5
Let j(r) = 6*r - 29*r + 20*r + 15. Let f be j(4). What is the tens digit of ((-10)/20)/(2/(-228)) - f?
5
What is the hundreds digit of 122234/7 - (-68)/(-4)?
4
Let v = 6 - 3. Suppose n = -2*n - 15, 0 = v*u - n - 503. What is the tens digit of u?
6
Suppose -5*w - 6*k + 9*k = -17391, 4*k + 3485 = w. Suppose -2*r + 2310 = -2*f, 3*r - w = -26*f + 25*f. What is the hundreds digit of r?
1
Let z = 476 - 442. What is the tens digit of 4/z - 380750/(-425)?
9
Let w be 12/(-30) - (-12)/5. Suppose w*n - 81 + 79 = 0. What is the tens digit of 1/((-6)/(-279))*2*n?
9
Let t = -1244 + 1234. Let w(v) = -7*v**2 + 12*v + 17. Let n(k) = 20*k**2 - 35*k - 51. Let l(j) = 6*n(j) + 17*w(j). What is the units digit of l(t)?
3
Suppose 7*z + 8378 - 174 = 0. Let r = z + 1944. What is the tens digit of r?
7
Let q(o) = -8*o + 29. Let k(g) = -24*g + 89. Let v(r) = -3*k(r) + 8*q(r). What is the hundreds digit of v(17)?
1
Suppose -6*o + 3 = -5*o. Suppose o*b - 262 = b. Let s = b + -74. What is the units digit of s?
7
Let b(t) = -472 + 2*t**2 + 214 + 216. What is the units digit of b(-19)?
0
Let u(w) = w**2 - 2*w + 92. Let t be u(24). Let l = t + -342. What is the tens digit of l?
7
Let m = 36306 - 18612. What is the thousands digit of m?
7
Let x(o) = 5139*o**2 - 74*o + 1. What is the hundreds digit of x(1)?
0
Suppose -1630893 + 735494 - 3851454 = -83*d. What is the tens digit of d?
9
Let f(v) = 16*v**2 + 432*v - 79. What is the units digit of f(-33)?
9
Suppose 18*d - d = 33813. What is the units digit of d?
9
Suppose 736953 = -52*h + 1373194 + 1697987. What is the units digit of h?
9
Suppose -27*l = -19967 - 32413. What is the units digit of l?
0
Let v be (-8)/10*-30*(-1)/(-4). Let o = -73 + 93. Suppose -5*s - 4*g + o = -v*g, 2*s - 3*g = 19. What is the units digit of s?
2
Let l = -2912 - -7101. What is the hundreds digit of l?
1
Let q = -2072 + 11543. What is the units digit of q?
1
Suppose 44 = -77*o + 1045. Let a be (8/(-6))/((-2)/3). Let q = o - a. What is the units digit of q?
1
Suppose -c = 35 + 41. Let x = 72 + c. Let s(y) = 4*y**2 - 2*y - 4. What is the units digit of s(x)?
8
Let i(f) = -14*f**3 - 24*f**2 - 135*f - 11. What is the units digit of i(-6)?
9
Suppose -2*s = 131 + 195. Let i(h) = h**3 + 8*h**2 - 28*h. Let c be i(-6). Let k = s + c. What is the tens digit of k?
7
What is the hundreds digit of ((-52)/182 + 19581/(-42))*44/(-3)?
8
Let m(t) = -t**2 + 12*t - 26. Let l be m(8). Suppose -5*v = -1301 + l. What is the units digit of v?
9
Suppose 43*p = 36*p + 28. Suppose 4*s + 126 = p*v - 2*v, -s + 216 = 4*v. What is the tens digit of v?
5
Suppose 0 = 21*u + 6*u + 76734. Let w = -1355 - u. What is the thousands digit of w?
1
Let s = 3079 + -1318. What is the thousands digit of s?
1
Let j(d) = -d**3 + 3*d**2 + 2*d + 13. Let u be j(4). Suppose 1895 = u*f + v, 3*f - 4*v = -0*v + 1114. What is the units digit of f?
8
Let r(c) = 56*c + 3444. What is the units digit of r(52)?
6
Suppose 5*s + 20 = 0, 5*r = -s - 4*s. Suppose 2*u = 2*c - 300, 585 = r*c - u - 30. Suppose -4*p = 3*l - c, p - 2*p + 5*l + 10 = 0. What is the units digit of p?
5
Let q = -5650 - -11009. What is the thousands digit of q?
5
Let h(b) = -b**2 - 3*b + 19. Let t be h(-6). Let d be ((-4)/t - -7)/3. What is the units digit of (-9 - -4 - -13) + d?
9
Let d(b) be the second derivative of -5*b**3/6 + 19*b**2 - 10*b. What is the hundreds digit of d(-13)?
1
Suppose -q - 641 = -1583. Let i = 2644 - q. What is the hundreds digit of i?
7
Suppose 3*t - 1531 = 1328. Suppose -t = -20*c + 1867. What is the units digit of c?
1
What is the ten thousands digit of 35226 - -2192 - (0 - -1)/(1/(-7))?
3
Let s = 18 - 25. Let p = -7 - s. What is the tens digit of -2 + 187 - (p - 5)?
9
Let f = 84 + -69. Suppose 12*j = f*j + 6. What is the tens digit of 144*(-78)/(-84) + j/(-7)?
3
Suppose 33*d - 15 = 28*d. Suppose d*u + 5622 = 5*p, 3*p - 4*u - 1121 = 2*p. What is the hundreds digit of p?
1
Let g = 37 - 61. Let o = g - -27. What is the units digit of 130 + -1 + o - (-8 - -5)?
5
Let v(d) = 406*d**2 - d + 2. Suppose 7*i = -4 - 3. What is the units digit of v(i)?
9
Let j(l) = -5*l**2 - 6*l + 1. Let d(t) = 2 - t**2 - t**2 - 2*t**2 - 2*t**2 - 7*t. Let n(r) = 4*d(r) - 5*j(r). What is the units digit of n(-7)?
8
Let j be (-1 + -11)/(9/(-474)). Let a = j + -448. What is the hundreds digit of a?
1
What is the hundreds digit of (260/(-325) - 62/10) + 36*1157?
6
Let x(y) = y**2 + 25*y + 113. Let q be x(-20). Suppose 12*h - 2*i = q*h - 1386, -i = -4*h + 5508. What is the tens digit of h?
7
Suppose -x + 187 = 326. Let d = 192 + x. What is the tens digit of d?
5
Suppose 5*o + 2 = -2*g - 3, 3*o = 5*g - 34. Let f(l) = -9*l**3 + 7*l**2 + 2*l + 7. What is the hundreds digit of f(o)?
3
What is the tens digit of (-315847)/42*2*-1 + (-8)/6?
3
Let z be 220/66*(-543)/(-2). What is the tens digit of (10/(-4))/(230/(-92))*z?
0
Suppose -3*q + 3*v - 18 = 2*v, -q = 5*v + 6. Let o(h) = 15*h**2 - 11*h + 11. What is the hundreds digit of o(q)?
6
Suppose 3*l - 136 = 56. Let y = -57 + l. Let j(m) = 28*m + 37. What is the tens digit of j(y)?
3
Suppose -2*o + 6488 = -2*m - 1052, -5*o = 4*m - 18814. What is the hundreds digit of o?
7
Let r(w) = -w**3 - 2*w**2 - 13*w - 75. What is the units digit of r(-16)?
7
Let v(z) be the third derivative of 11*z**6/40 - z**5/15 - 5*z**4/24 - z**3/3 + 52*z**2. What is the units digit of v(3)?
8
Let h be 42*5/(75/10). Suppose -6*g + 8 + h = 0. What is the tens digit of 1467/54 - 1/g?
2
Suppose -4*t = -2*t - 808. Let w = t - 158. Let v = -157 + w. What is the tens digit of v?
8
Let w(k) = -k**3 + 9*k**2 + 16*k - 42. What is the thousands digit of w(-13)?
3
Let m be (-91)/3 - 2/(-6). Let v be 69*(-2)/m*5. Let h = 39 - v. What is the units digit of h?
6
Let j(d) = -35*d - 17. Let m be j(5). What is the tens digit of (-9)/(-3) - (m - -6)?
8
Let o(t) = -6638*t**3 - 6*t - 4. What is the thousands digit of o(-1)?
6
Let h(y) = -14*y**2 - 2069*y + 113. What is the hundreds digit of h(-90)?
9
Suppose 5*l + 2*q - 12 = -0*q, 0 = 3*l + 4*q + 4. Suppose -2 = 5*k - l*h + 3, -5*k = 4*h + 5. Let b(a) = -113*a**3 + a + 1. What is the tens digit of b(k)?
1
Let n(t) = -2*t**2 + 60*t - 8. Let b be n(21). Suppose p + b = 4*u - 1396, 4*p = 5*u - 2202. What is the tens digit of u?
4
Suppose -5*r + 6900 = -5*l, -4*r + 980 = -l - 4561. What is the hundreds digit of r?
3
Let i be (1 - (-324)/(-20))*2*5. Let u = i + 92. What is the units digit of (-7)/(35/u)*1/2?
6
Suppose -5*d + 65 = -5*v - 0*v, 37 = 4*d + v. Let r(p) = -3*p**2 + 24 + 0*p**2 + 2*p**2 - d*p. What is the tens digit of r(-9)?
3
Suppose -5*o - 96018 = -36568. Let f be o/(-6) - 1 - (-54)/(-81). Suppose 0 = 2*h - 17*h + f. What is the units digit of h?
2
Let x(u) = -764*u + 1. What is the thousands digit of x(-2)?
1
Let x = -1722 - -6756. What is the thousands digit of x?
5
Suppose 0 = 151*c - 109*c + 8688 - 43674. What is the tens digit of c?
3
Let a be (-3)/(-1) - (2 - 5)*1. Suppose -t + a*t + 5*c = -20, -4*c = 5*t + 16. Suppose 160 = -t*n + 4*n. What is the tens digit of n?
4
Suppose -3 = 3*b - 9. Let k be ((b + -1)*-1)/(1/9). Let d = -6 - k. What is the units digit of d?
3
Let w be (1*-1)/((-5 + 3)/24). Suppose w*v - 6264 = -6*v. What is the hundreds digit of v?
3
Suppose 225 = 8*y - 15. What is the tens digit of (-4004)/(-5) + -2 + 66/y?
0
Suppose 1097172 = 160*i - 864428. What is the thousands digit of i?
2
What is the units digit of -137 + 126 + (-3)/(9/(-63312))?
3
Let y be ((-14)/(-4))/(13/52)*1. Suppose 5*x = 3*x + 10, 2*n = -4*x + 54. Suppose -n*r = -y*r - 21. What is the units digit of r?
7
Suppose -3*s - 2*s + 2 = -v, 2*s = -v - 23. Let u = -52 - v. Let p = 121 + u. What is the tens digit of p?
8
Let a(q) = 2*q**3 - 15*q**2 + 11*q - 5. Suppose 2*m - 4 = -3*s, -2*m = 2*m - 3*s - 44. What is the tens digit of a(m)?
4
Let h(a) = -a**3 + 33*a**2 - 119*a + 55. What is the thousands digit of h(19)?
2
Suppose -4*t = 5*z + 17, 12*z = -t + 15*z + 17. Suppose -4*d + 5*j = 3*j - 3912, t*j + 2934 = 3*d. What is the hundreds digit of d?
9
Supp